{"id":48,"date":"2025-01-08T07:39:36","date_gmt":"2025-01-08T07:39:36","guid":{"rendered":"https:\/\/atumaneraandalucia.es\/?page_id=48"},"modified":"2025-08-29T11:33:41","modified_gmt":"2025-08-29T11:33:41","slug":"inicio","status":"publish","type":"page","link":"https:\/\/atumaneraandalucia.com\/inicio\/","title":{"rendered":"Inicio"},"content":{"rendered":"<p>[et_pb_section fb_built=\u00bb1&#8243; _builder_version=\u00bb4.27.4&#8243; _module_preset=\u00bbdefault\u00bb hover_enabled=\u00bb0&#8243; global_colors_info=\u00bb{}\u00bb module_id=\u00bbcontent\u00bb sticky_enabled=\u00bb0&#8243;][et_pb_row _builder_version=\u00bb4.27.4&#8243; _module_preset=\u00bbdefault\u00bb custom_margin=\u00bb-28px|auto||auto||\u00bb custom_padding=\u00bb22px|||||\u00bb global_colors_info=\u00bb{}\u00bb][et_pb_column type=\u00bb4_4&#8243; _builder_version=\u00bb4.27.4&#8243; _module_preset=\u00bbdefault\u00bb global_colors_info=\u00bb{}\u00bb][et_pb_heading title=\u00bbA TU MANERA\u00bb _builder_version=\u00bb4.27.4&#8243; _module_preset=\u00bbdefault\u00bb title_font=\u00bbAbril Fatface||||||||\u00bb title_text_align=\u00bbcenter\u00bb title_font_size=\u00bb60px\u00bb custom_margin=\u00bb||-1px|||\u00bb global_colors_info=\u00bb{}\u00bb][\/et_pb_heading][et_pb_text disabled_on=\u00bbon|off|off\u00bb _builder_version=\u00bb4.27.4&#8243; _module_preset=\u00bbdefault\u00bb text_font=\u00bbPoppins|600|||||||\u00bb text_text_color=\u00bb#444444&#8243; text_font_size=\u00bb17px\u00bb header_text_align=\u00bbright\u00bb text_orientation=\u00bbright\u00bb module_alignment=\u00bbright\u00bb custom_margin=\u00bb|||23px||\u00bb text_font_size_tablet=\u00bb17px\u00bb text_font_size_phone=\u00bb17px\u00bb text_font_size_last_edited=\u00bbon|desktop\u00bb text_orientation_tablet=\u00bbcenter\u00bb text_orientation_phone=\u00bbcenter\u00bb text_orientation_last_edited=\u00bbon|tablet\u00bb module_alignment_tablet=\u00bbcenter\u00bb module_alignment_phone=\u00bbcenter\u00bb module_alignment_last_edited=\u00bbon|tablet\u00bb global_colors_info=\u00bb{}\u00bb]<\/p>\n<h2 style=\"text-align: center;\">Tu Bar de Tapas y Raciones en Lucena<\/h2>\n<p style=\"text-align: center;\">En A Tu Manera, descubrir\u00e1s un rinc\u00f3n donde explorar la aut\u00e9ntica esencia de Andaluc\u00eda, en<br \/>un ambiente acogedor con car\u00e1cter propio,<br \/>ubicado en pleno coraz\u00f3n de Lucena.<\/p>\n<p style=\"text-align: center;\">\u00a1No podemos esperar para dar la bienvenida a todos los amantes de la tradici\u00f3n!<\/p>\n<p>[\/et_pb_text][et_pb_button button_url=\u00bbhttps:\/\/atumaneraandalucia.es\/nuestra-carta\/\u00bb button_text=\u00bbVER NUESTRA CARTA\u00bb button_alignment=\u00bbcenter\u00bb button_alignment_tablet=\u00bbcenter\u00bb button_alignment_phone=\u00bbcenter\u00bb button_alignment_last_edited=\u00bbon|tablet\u00bb _builder_version=\u00bb4.27.4&#8243; _module_preset=\u00bbdefault\u00bb custom_button=\u00bbon\u00bb button_text_size=\u00bb18px\u00bb button_bg_color=\u00bb#055890&#8243; button_border_color=\u00bbRGBA(255,255,255,0)\u00bb button_border_radius=\u00bb43px\u00bb button_font=\u00bbPoppins|700|||||||\u00bb global_colors_info=\u00bb{}\u00bb button_bg_color__hover_enabled=\u00bbon|hover\u00bb button_border_color__hover_enabled=\u00bbon|desktop\u00bb button_border_color__hover=\u00bbRGBA(255,255,255,0)\u00bb button_icon_color__hover_enabled=\u00bbon|desktop\u00bb button_text_color__hover_enabled=\u00bbon|hover\u00bb button_text_color__hover=\u00bb#FFFFFF\u00bb button_icon_color__hover=\u00bb#F0BF3C\u00bb button_bg_color__hover=\u00bb#055890&#8243;][\/et_pb_button][\/et_pb_column][\/et_pb_row][\/et_pb_section][et_pb_section fb_built=\u00bb1&#8243; _builder_version=\u00bb4.27.4&#8243; _module_preset=\u00bbdefault\u00bb background_color=\u00bb#055890&#8243; custom_margin=\u00bb-4px|||||\u00bb custom_padding=\u00bb||62px|||\u00bb global_colors_info=\u00bb{}\u00bb][et_pb_row column_structure=\u00bb3_5,2_5&#8243; _builder_version=\u00bb4.27.4&#8243; _module_preset=\u00bbdefault\u00bb custom_padding=\u00bb3px||0px|||\u00bb global_colors_info=\u00bb{}\u00bb][et_pb_column type=\u00bb3_5&#8243; _builder_version=\u00bb4.27.4&#8243; _module_preset=\u00bbdefault\u00bb global_colors_info=\u00bb{}\u00bb][et_pb_text _builder_version=\u00bb4.27.4&#8243; _module_preset=\u00bbdefault\u00bb text_font=\u00bbPoppins|500|||||||\u00bb text_text_color=\u00bb#FFFFFF\u00bb text_font_size=\u00bb17px\u00bb header_text_color=\u00bb#FFFFFF\u00bb header_2_text_color=\u00bb#FFFFFF\u00bb header_2_font_size=\u00bb40px\u00bb global_colors_info=\u00bb{}\u00bb]<\/p>\n<h2>Nuestro bar<\/h2>\n<p>Nuestro bar es el lugar perfecto para compartir tapas, descubrir nuevas combinaciones y disfrutar de un ambiente acogedor en pleno coraz\u00f3n de Lucena.<\/p>\n<p>Si buscas un rinc\u00f3n donde la buena comida y el mejor ambiente se unen, est\u00e1s en el sitio adecuado. <strong>Ven a vivir una experiencia gastron\u00f3mica \u00fanica, a tu manera.<\/strong><\/p>\n<p><strong>Asegura tu mesa, reserva con nosotros <\/strong>para disfrutar de una velada especial con amigos, en pareja o en familia.<\/p>\n<p>[\/et_pb_text][et_pb_button button_url=\u00bbhttps:\/\/atumaneraandalucia.es\/inicio-2\/reservas\/\u00bb button_text=\u00bbRESERVA MESA\u00bb button_alignment_tablet=\u00bbcenter\u00bb button_alignment_phone=\u00bbcenter\u00bb button_alignment_last_edited=\u00bbon|tablet\u00bb _builder_version=\u00bb4.27.4&#8243; _module_preset=\u00bbdefault\u00bb custom_button=\u00bbon\u00bb button_text_size=\u00bb18px\u00bb button_text_color=\u00bb#055890&#8243; button_bg_color=\u00bb#f9e48f\u00bb button_border_color=\u00bbRGBA(255,255,255,0)\u00bb button_border_radius=\u00bb43px\u00bb button_font=\u00bbPoppins|700|||||||\u00bb hover_enabled=\u00bb0&#8243; global_colors_info=\u00bb{}\u00bb button_text_color__hover=\u00bb#FFFFFF\u00bb button_text_color__hover_enabled=\u00bboff|desktop\u00bb button_bg_color__hover_enabled=\u00bbon|hover\u00bb button_border_color__hover=\u00bbRGBA(255,255,255,0)\u00bb button_border_color__hover_enabled=\u00bbon|desktop\u00bb button_icon_color__hover=\u00bb#F0BF3C\u00bb button_icon_color__hover_enabled=\u00bbon|desktop\u00bb button_bg_color__hover=\u00bb#F0BF3C\u00bb button_bg_enable_color=\u00bbon\u00bb sticky_enabled=\u00bb0&#8243;][\/et_pb_button][\/et_pb_column][et_pb_column type=\u00bb2_5&#8243; _builder_version=\u00bb4.27.4&#8243; _module_preset=\u00bbdefault\u00bb global_colors_info=\u00bb{}\u00bb][et_pb_text _builder_version=\u00bb4.27.4&#8243; _module_preset=\u00bbdefault\u00bb header_text_color=\u00bb#F0BF3C\u00bb header_font_size=\u00bb40px\u00bb header_2_text_color=\u00bb#FFFFFF\u00bb header_2_font_size=\u00bb40px\u00bb global_colors_info=\u00bb{}\u00bb]<\/p>\n<h2>Local\u00edzanos en el Mapa<\/h2>\n<p>[\/et_pb_text][et_pb_code _builder_version=\u00bb4.27.4&#8243; _module_preset=\u00bbdefault\u00bb global_colors_info=\u00bb{}\u00bb]<iframe src=\"https:\/\/www.google.com\/maps\/embed?pb=!1m18!1m12!1m3!1d3169.1838763401624!2d-4.486124423708729!3d37.40912853313788!2m3!1f0!2f0!3f0!3m2!1i1024!2i768!4f13.1!3m3!1m2!1s0xd6d715331f4eea1%3A0xb87edd493ba22d3!2sA%20Tu%20Manera!5e0!3m2!1ses!2ses!4v1751527932414!5m2!1ses!2ses\" width=\"600\" height=\"250\" style=\"border:0;\" allowfullscreen=\"\" loading=\"lazy\" referrerpolicy=\"no-referrer-when-downgrade\" title=\"Mapa  de A tu Manera Bar\"><\/iframe> [\/et_pb_code][\/et_pb_column][\/et_pb_row][\/et_pb_section][et_pb_section fb_built=\u00bb1&#8243; disabled_on=\u00bbon|on|off\u00bb _builder_version=\u00bb4.27.4&#8243; _module_preset=\u00bbdefault\u00bb custom_margin=\u00bb0px|0px|0px|0px|true|true\u00bb custom_padding=\u00bb0px|0px|0px|0px|true|true\u00bb global_colors_info=\u00bb{}\u00bb][et_pb_row _builder_version=\u00bb4.27.4&#8243; _module_preset=\u00bbdefault\u00bb global_colors_info=\u00bb{}\u00bb][et_pb_column type=\u00bb4_4&#8243; _builder_version=\u00bb4.27.4&#8243; _module_preset=\u00bbdefault\u00bb global_colors_info=\u00bb{}\u00bb][et_pb_text _builder_version=\u00bb4.27.4&#8243; _module_preset=\u00bbdefault\u00bb header_2_font_size=\u00bb40px\u00bb global_colors_info=\u00bb{}\u00bb]<\/p>\n<h2 style=\"text-align: center;\">OPCIONES PARA COMER O CENAR<\/h2>\n<p>[\/et_pb_text][\/et_pb_column][\/et_pb_row][\/et_pb_section][et_pb_section fb_built=\u00bb1&#8243; _builder_version=\u00bb4.27.4&#8243; _module_preset=\u00bbdefault\u00bb custom_padding=\u00bb3px||23px|||\u00bb global_colors_info=\u00bb{}\u00bb][et_pb_row column_structure=\u00bb1_2,1_2&#8243; _builder_version=\u00bb4.27.4&#8243; _module_preset=\u00bbdefault\u00bb custom_padding=\u00bb||42px|||\u00bb global_colors_info=\u00bb{}\u00bb][et_pb_column type=\u00bb1_2&#8243; _builder_version=\u00bb4.27.4&#8243; _module_preset=\u00bbdefault\u00bb global_colors_info=\u00bb{}\u00bb][et_pb_blurb url_new_window=\u00bbon\u00bb image=\u00bbhttps:\/\/atumaneraandalucia.com\/wp-content\/uploads\/2025\/01\/degustacion-foto.jpg\u00bb _builder_version=\u00bb4.27.4&#8243; _module_preset=\u00bbdefault\u00bb header_font=\u00bb&#8211;et_global_body_font|700||on|||||\u00bb header_text_align=\u00bbcenter\u00bb header_text_color=\u00bb#000000&#8243; header_font_size=\u00bb22px\u00bb min_height=\u00bb408.3px\u00bb custom_margin=\u00bb||0px|||\u00bb global_colors_info=\u00bb{}\u00bb header_text_color__hover_enabled=\u00bbon|hover\u00bb header_text_color__hover=\u00bb#F0BF3C\u00bb]<\/p>\n<h3 style=\"text-align: center;\">MEN\u00da DEGUSTACI\u00d3N<\/h3>\n<p>[\/et_pb_blurb][et_pb_button button_url=\u00bbhttps:\/\/atumaneraandalucia.es\/wp-content\/uploads\/2025\/01\/MENU-DEGUSTACION.pdf\u00bb url_new_window=\u00bbon\u00bb button_text=\u00bbVER MEN\u00da DEGUSTACI\u00d3N\u00bb button_alignment=\u00bbcenter\u00bb _builder_version=\u00bb4.27.4&#8243; _module_preset=\u00bbdefault\u00bb custom_button=\u00bbon\u00bb button_text_size=\u00bb18px\u00bb button_bg_color=\u00bb#055890&#8243; button_border_color=\u00bbRGBA(255,255,255,0)\u00bb button_border_radius=\u00bb43px\u00bb button_font=\u00bbPoppins|700|||||||\u00bb global_colors_info=\u00bb{}\u00bb button_text_color__hover_enabled=\u00bboff|hover\u00bb button_text_color__hover=\u00bb#FFFFFF\u00bb button_bg_color__hover_enabled=\u00bboff|hover\u00bb button_bg_enable_color__hover=\u00bbon\u00bb button_border_color__hover=\u00bbRGBA(255,255,255,0)\u00bb button_border_color__hover_enabled=\u00bbon|desktop\u00bb button_icon_color__hover=\u00bb#F0BF3C\u00bb button_icon_color__hover_enabled=\u00bbon|desktop\u00bb][\/et_pb_button][\/et_pb_column][et_pb_column type=\u00bb1_2&#8243; _builder_version=\u00bb4.27.4&#8243; _module_preset=\u00bbdefault\u00bb global_colors_info=\u00bb{}\u00bb][et_pb_blurb image=\u00bbhttps:\/\/atumaneraandalucia.com\/wp-content\/uploads\/2025\/01\/nuestra-carta-foto.jpg\u00bb _builder_version=\u00bb4.27.4&#8243; _module_preset=\u00bbdefault\u00bb header_font=\u00bb&#8211;et_global_body_font|700|||||||\u00bb header_text_align=\u00bbcenter\u00bb header_text_color=\u00bb#000000&#8243; header_font_size=\u00bb22px\u00bb custom_margin=\u00bb||0px|||\u00bb custom_padding=\u00bb||4px|||\u00bb global_colors_info=\u00bb{}\u00bb header_text_color__hover_enabled=\u00bbon|hover\u00bb header_text_color__hover=\u00bb#F0BF3C\u00bb]<\/p>\n<h3 style=\"text-align: center;\">A LA CARTA<\/h3>\n<p>[\/et_pb_blurb][et_pb_button button_url=\u00bbhttps:\/\/atumaneraandalucia.es\/wp-content\/uploads\/2023\/09\/Carta_A-TU-MANERA-Acabada-Web-copia.pdf\u00bb button_text=\u00bbVER CARTA\u00bb button_alignment=\u00bbcenter\u00bb _builder_version=\u00bb4.27.4&#8243; _module_preset=\u00bbdefault\u00bb custom_button=\u00bbon\u00bb button_text_size=\u00bb18px\u00bb button_bg_color=\u00bb#055890&#8243; button_border_color=\u00bbRGBA(255,255,255,0)\u00bb button_border_radius=\u00bb43px\u00bb button_font=\u00bbPoppins|700|||||||\u00bb custom_margin=\u00bb6px|||||\u00bb global_colors_info=\u00bb{}\u00bb button_text_color__hover_enabled=\u00bbon|hover\u00bb button_text_color__hover=\u00bb#FFFFFF\u00bb button_bg_color__hover_enabled=\u00bbon|hover\u00bb button_bg_enable_color__hover=\u00bbon\u00bb button_icon_color__hover_enabled=\u00bbon|desktop\u00bb button_icon_color__hover=\u00bb#F0BF3C\u00bb button_border_color__hover=\u00bbRGBA(255,255,255,0)\u00bb button_border_color__hover_enabled=\u00bbon|desktop\u00bb button_bg_color__hover=\u00bb#055890&#8243;][\/et_pb_button][\/et_pb_column][\/et_pb_row][et_pb_row _builder_version=\u00bb4.27.4&#8243; _module_preset=\u00bbdefault\u00bb custom_margin=\u00bb0px||0px||false|false\u00bb custom_padding=\u00bb0px||0px||false|false\u00bb global_colors_info=\u00bb{}\u00bb][et_pb_column type=\u00bb4_4&#8243; _builder_version=\u00bb4.27.4&#8243; _module_preset=\u00bbdefault\u00bb global_colors_info=\u00bb{}\u00bb][et_pb_image src=\u00bbhttps:\/\/atumaneraandalucia.com\/wp-content\/uploads\/2025\/01\/azulejos.jpg\u00bb title_text=\u00bbazulejos\u00bb _builder_version=\u00bb4.27.4&#8243; _module_preset=\u00bbdefault\u00bb transform_scale=\u00bb178%|178%\u00bb transform_scale_tablet=\u00bb178%|178%\u00bb transform_scale_phone=\u00bb178%|178%\u00bb transform_scale_last_edited=\u00bbon|phone\u00bb transform_translate_tablet=\u00bb\u00bb transform_translate_phone=\u00bb\u00bb transform_translate_last_edited=\u00bbon|desktop\u00bb transform_rotate_tablet=\u00bb\u00bb transform_rotate_phone=\u00bb\u00bb transform_rotate_last_edited=\u00bbon|desktop\u00bb transform_skew_tablet=\u00bb\u00bb transform_skew_phone=\u00bb\u00bb transform_skew_last_edited=\u00bbon|desktop\u00bb transform_origin_tablet=\u00bb\u00bb transform_origin_phone=\u00bb\u00bb transform_origin_last_edited=\u00bbon|desktop\u00bb transform_styles_last_edited=\u00bbon|phone\u00bb width=\u00bb100%\u00bb max_width=\u00bb100%\u00bb custom_margin=\u00bb19px|0px|0px|0px|false|false\u00bb custom_padding=\u00bb0px|0px|0px|0px|false|false\u00bb transform_styles_tablet=\u00bb\u00bb transform_styles_phone=\u00bb\u00bb global_colors_info=\u00bb{}\u00bb][\/et_pb_image][\/et_pb_column][\/et_pb_row][\/et_pb_section][et_pb_section fb_built=\u00bb1&#8243; _builder_version=\u00bb4.27.4&#8243; _module_preset=\u00bbdefault\u00bb custom_margin=\u00bb10px|0px|15px|0px|false|false\u00bb custom_margin_tablet=\u00bb10px|0px|15px|0px|false|false\u00bb custom_margin_phone=\u00bb-17px||||false|false\u00bb custom_margin_last_edited=\u00bbon|phone\u00bb custom_padding=\u00bb0px|0px|0px|0px|false|false\u00bb global_colors_info=\u00bb{}\u00bb][et_pb_row _builder_version=\u00bb4.27.4&#8243; _module_preset=\u00bbdefault\u00bb global_colors_info=\u00bb{}\u00bb][et_pb_column type=\u00bb4_4&#8243; _builder_version=\u00bb4.27.4&#8243; _module_preset=\u00bbdefault\u00bb global_colors_info=\u00bb{}\u00bb][et_pb_image src=\u00bbhttps:\/\/atumaneraandalucia.com\/wp-content\/uploads\/2025\/01\/CONBANDERA_KITDIGITAL-scaled-1.jpg\u00bb title_text=\u00bbCONBANDERA_KITDIGITAL-scaled\u00bb _builder_version=\u00bb4.27.4&#8243; _module_preset=\u00bbdefault\u00bb transform_scale=\u00bb132%|132%\u00bb transform_scale_tablet=\u00bb122%|122%\u00bb transform_scale_phone=\u00bb122%|122%\u00bb transform_scale_last_edited=\u00bbon|phone\u00bb transform_translate_tablet=\u00bb\u00bb transform_translate_phone=\u00bb\u00bb transform_translate_last_edited=\u00bbon|tablet\u00bb transform_rotate_tablet=\u00bb\u00bb transform_rotate_phone=\u00bb\u00bb transform_rotate_last_edited=\u00bbon|tablet\u00bb transform_skew_tablet=\u00bb\u00bb transform_skew_phone=\u00bb\u00bb transform_skew_last_edited=\u00bbon|tablet\u00bb transform_origin_tablet=\u00bb\u00bb transform_origin_phone=\u00bb\u00bb transform_origin_last_edited=\u00bbon|tablet\u00bb transform_styles_last_edited=\u00bbon|phone\u00bb width=\u00bb100%\u00bb max_width=\u00bb100%\u00bb custom_margin=\u00bb|0px|0px|0px|false|false\u00bb custom_margin_last_edited=\u00bboff|desktop\u00bb custom_padding=\u00bb|0px|0px|0px|false|false\u00bb transform_styles_tablet=\u00bb\u00bb transform_styles_phone=\u00bb\u00bb global_colors_info=\u00bb{}\u00bb][\/et_pb_image][\/et_pb_column][\/et_pb_row][\/et_pb_section]<\/p>\n","protected":false},"excerpt":{"rendered":"<p>Tu Bar de Tapas y Raciones en Lucena En A Tu Manera, descubrir\u00e1s un rinc\u00f3n donde explorar la aut\u00e9ntica esencia de Andaluc\u00eda, enun ambiente acogedor con car\u00e1cter propio,ubicado en pleno coraz\u00f3n de Lucena. \u00a1No podemos esperar para dar la bienvenida a todos los amantes de la tradici\u00f3n!Nuestro bar Nuestro bar es el lugar perfecto para [&hellip;]<\/p>\n","protected":false},"author":1,"featured_media":0,"parent":0,"menu_order":0,"comment_status":"closed","ping_status":"closed","template":"","meta":{"_et_pb_use_builder":"on","_et_pb_old_content":"","_et_gb_content_width":"","footnotes":""},"difl_page_category":[],"class_list":["post-48","page","type-page","status-publish","hentry"],"yoast_head":"<!-- This site is optimized with the Yoast SEO plugin v24.2 - https:\/\/yoast.com\/wordpress\/plugins\/seo\/ -->\n<title>Inicio | A Tu Manera<\/title>\n<meta name=\"robots\" content=\"index, follow, max-snippet:-1, max-image-preview:large, max-video-preview:-1\" \/>\n<link rel=\"canonical\" href=\"https:\/\/atumaneraandalucia.com\/inicio\/\" \/>\n<meta property=\"og:locale\" content=\"es_ES\" \/>\n<meta property=\"og:type\" content=\"article\" \/>\n<meta property=\"og:title\" content=\"Inicio | A Tu Manera\" \/>\n<meta property=\"og:description\" content=\"Tu Bar de Tapas y Raciones en Lucena En A Tu Manera, descubrir\u00e1s un rinc\u00f3n donde explorar la aut\u00e9ntica esencia de Andaluc\u00eda, enun ambiente acogedor con car\u00e1cter propio,ubicado en pleno coraz\u00f3n de Lucena. \u00a1No podemos esperar para dar la bienvenida a todos los amantes de la tradici\u00f3n!Nuestro bar Nuestro bar es el lugar perfecto para [&hellip;]\" \/>\n<meta property=\"og:url\" content=\"https:\/\/atumaneraandalucia.com\/inicio\/\" \/>\n<meta property=\"og:site_name\" content=\"A Tu Manera\" \/>\n<meta property=\"article:modified_time\" content=\"2025-08-29T11:33:41+00:00\" \/>\n<meta property=\"og:image\" content=\"https:\/\/atumaneraandalucia.com\/wp-content\/uploads\/2023\/09\/Logo-A_TU_MANERA-Negro.png\" \/>\n\t<meta property=\"og:image:width\" content=\"1772\" \/>\n\t<meta property=\"og:image:height\" content=\"1772\" \/>\n\t<meta property=\"og:image:type\" content=\"image\/png\" \/>\n<meta name=\"twitter:card\" content=\"summary_large_image\" \/>\n<meta name=\"twitter:label1\" content=\"Tiempo de lectura\" \/>\n\t<meta name=\"twitter:data1\" content=\"8 minutos\" \/>\n<script type=\"application\/ld+json\" class=\"yoast-schema-graph\">{\"@context\":\"https:\/\/schema.org\",\"@graph\":[{\"@type\":\"WebPage\",\"@id\":\"https:\/\/atumaneraandalucia.com\/inicio\/\",\"url\":\"https:\/\/atumaneraandalucia.com\/inicio\/\",\"name\":\"Inicio | A Tu Manera\",\"isPartOf\":{\"@id\":\"https:\/\/atumaneraandalucia.com\/inicio\/#website\"},\"datePublished\":\"2025-01-08T07:39:36+00:00\",\"dateModified\":\"2025-08-29T11:33:41+00:00\",\"breadcrumb\":{\"@id\":\"https:\/\/atumaneraandalucia.com\/inicio\/#breadcrumb\"},\"inLanguage\":\"es\",\"potentialAction\":[{\"@type\":\"ReadAction\",\"target\":[\"https:\/\/atumaneraandalucia.com\/inicio\/\"]}]},{\"@type\":\"BreadcrumbList\",\"@id\":\"https:\/\/atumaneraandalucia.com\/inicio\/#breadcrumb\",\"itemListElement\":[{\"@type\":\"ListItem\",\"position\":1,\"name\":\"Portada\",\"item\":\"https:\/\/atumaneraandalucia.com\/inicio\/\"},{\"@type\":\"ListItem\",\"position\":2,\"name\":\"Inicio\"}]},{\"@type\":\"WebSite\",\"@id\":\"https:\/\/atumaneraandalucia.com\/inicio\/#website\",\"url\":\"https:\/\/atumaneraandalucia.com\/inicio\/\",\"name\":\"A tu Manera - Tapas y Raciones en Lucena\",\"description\":\"Bar de tapas estilo Andaluz\",\"publisher\":{\"@id\":\"https:\/\/atumaneraandalucia.com\/inicio\/#organization\"},\"potentialAction\":[{\"@type\":\"SearchAction\",\"target\":{\"@type\":\"EntryPoint\",\"urlTemplate\":\"https:\/\/atumaneraandalucia.com\/inicio\/?s={search_term_string}\"},\"query-input\":{\"@type\":\"PropertyValueSpecification\",\"valueRequired\":true,\"valueName\":\"search_term_string\"}}],\"inLanguage\":\"es\"},{\"@type\":\"Organization\",\"@id\":\"https:\/\/atumaneraandalucia.com\/inicio\/#organization\",\"name\":\"A tu Manera - Tapas y Raciones en Lucena\",\"url\":\"https:\/\/atumaneraandalucia.com\/inicio\/\",\"logo\":{\"@type\":\"ImageObject\",\"inLanguage\":\"es\",\"@id\":\"https:\/\/atumaneraandalucia.com\/inicio\/#\/schema\/logo\/image\/\",\"url\":\"https:\/\/atumaneraandalucia.com\/wp-content\/uploads\/2025\/01\/cropped-ATM-LOGO-SIN-TEXTO-azul.png\",\"contentUrl\":\"https:\/\/atumaneraandalucia.com\/wp-content\/uploads\/2025\/01\/cropped-ATM-LOGO-SIN-TEXTO-azul.png\",\"width\":512,\"height\":512,\"caption\":\"A tu Manera - Tapas y Raciones en Lucena\"},\"image\":{\"@id\":\"https:\/\/atumaneraandalucia.com\/inicio\/#\/schema\/logo\/image\/\"}}]}<\/script>\n<!-- \/ Yoast SEO plugin. -->","yoast_head_json":{"title":"Inicio | A Tu Manera","robots":{"index":"index","follow":"follow","max-snippet":"max-snippet:-1","max-image-preview":"max-image-preview:large","max-video-preview":"max-video-preview:-1"},"canonical":"https:\/\/atumaneraandalucia.com\/inicio\/","og_locale":"es_ES","og_type":"article","og_title":"Inicio | A Tu Manera","og_description":"Tu Bar de Tapas y Raciones en Lucena En A Tu Manera, descubrir\u00e1s un rinc\u00f3n donde explorar la aut\u00e9ntica esencia de Andaluc\u00eda, enun ambiente acogedor con car\u00e1cter propio,ubicado en pleno coraz\u00f3n de Lucena. \u00a1No podemos esperar para dar la bienvenida a todos los amantes de la tradici\u00f3n!Nuestro bar Nuestro bar es el lugar perfecto para [&hellip;]","og_url":"https:\/\/atumaneraandalucia.com\/inicio\/","og_site_name":"A Tu Manera","article_modified_time":"2025-08-29T11:33:41+00:00","og_image":[{"width":1772,"height":1772,"url":"https:\/\/atumaneraandalucia.com\/wp-content\/uploads\/2023\/09\/Logo-A_TU_MANERA-Negro.png","type":"image\/png"}],"twitter_card":"summary_large_image","twitter_misc":{"Tiempo de lectura":"8 minutos"},"schema":{"@context":"https:\/\/schema.org","@graph":[{"@type":"WebPage","@id":"https:\/\/atumaneraandalucia.com\/inicio\/","url":"https:\/\/atumaneraandalucia.com\/inicio\/","name":"Inicio | A Tu Manera","isPartOf":{"@id":"https:\/\/atumaneraandalucia.com\/inicio\/#website"},"datePublished":"2025-01-08T07:39:36+00:00","dateModified":"2025-08-29T11:33:41+00:00","breadcrumb":{"@id":"https:\/\/atumaneraandalucia.com\/inicio\/#breadcrumb"},"inLanguage":"es","potentialAction":[{"@type":"ReadAction","target":["https:\/\/atumaneraandalucia.com\/inicio\/"]}]},{"@type":"BreadcrumbList","@id":"https:\/\/atumaneraandalucia.com\/inicio\/#breadcrumb","itemListElement":[{"@type":"ListItem","position":1,"name":"Portada","item":"https:\/\/atumaneraandalucia.com\/inicio\/"},{"@type":"ListItem","position":2,"name":"Inicio"}]},{"@type":"WebSite","@id":"https:\/\/atumaneraandalucia.com\/inicio\/#website","url":"https:\/\/atumaneraandalucia.com\/inicio\/","name":"A tu Manera - Tapas y Raciones en Lucena","description":"Bar de tapas estilo Andaluz","publisher":{"@id":"https:\/\/atumaneraandalucia.com\/inicio\/#organization"},"potentialAction":[{"@type":"SearchAction","target":{"@type":"EntryPoint","urlTemplate":"https:\/\/atumaneraandalucia.com\/inicio\/?s={search_term_string}"},"query-input":{"@type":"PropertyValueSpecification","valueRequired":true,"valueName":"search_term_string"}}],"inLanguage":"es"},{"@type":"Organization","@id":"https:\/\/atumaneraandalucia.com\/inicio\/#organization","name":"A tu Manera - Tapas y Raciones en Lucena","url":"https:\/\/atumaneraandalucia.com\/inicio\/","logo":{"@type":"ImageObject","inLanguage":"es","@id":"https:\/\/atumaneraandalucia.com\/inicio\/#\/schema\/logo\/image\/","url":"https:\/\/atumaneraandalucia.com\/wp-content\/uploads\/2025\/01\/cropped-ATM-LOGO-SIN-TEXTO-azul.png","contentUrl":"https:\/\/atumaneraandalucia.com\/wp-content\/uploads\/2025\/01\/cropped-ATM-LOGO-SIN-TEXTO-azul.png","width":512,"height":512,"caption":"A tu Manera - Tapas y Raciones en Lucena"},"image":{"@id":"https:\/\/atumaneraandalucia.com\/inicio\/#\/schema\/logo\/image\/"}}]}},"_links":{"self":[{"href":"https:\/\/atumaneraandalucia.com\/inicio\/wp-json\/wp\/v2\/pages\/48","targetHints":{"allow":["GET"]}}],"collection":[{"href":"https:\/\/atumaneraandalucia.com\/inicio\/wp-json\/wp\/v2\/pages"}],"about":[{"href":"https:\/\/atumaneraandalucia.com\/inicio\/wp-json\/wp\/v2\/types\/page"}],"author":[{"embeddable":true,"href":"https:\/\/atumaneraandalucia.com\/inicio\/wp-json\/wp\/v2\/users\/1"}],"replies":[{"embeddable":true,"href":"https:\/\/atumaneraandalucia.com\/inicio\/wp-json\/wp\/v2\/comments?post=48"}],"version-history":[{"count":70,"href":"https:\/\/atumaneraandalucia.com\/inicio\/wp-json\/wp\/v2\/pages\/48\/revisions"}],"predecessor-version":[{"id":424,"href":"https:\/\/atumaneraandalucia.com\/inicio\/wp-json\/wp\/v2\/pages\/48\/revisions\/424"}],"wp:attachment":[{"href":"https:\/\/atumaneraandalucia.com\/inicio\/wp-json\/wp\/v2\/media?parent=48"}],"wp:term":[{"taxonomy":"difl_page_category","embeddable":true,"href":"https:\/\/atumaneraandalucia.com\/inicio\/wp-json\/wp\/v2\/difl_page_category?post=48"}],"curies":[{"name":"wp","href":"https:\/\/api.w.org\/{rel}","templated":true}]}}